t the prime factors of k.
131
Suppose 5*u + 2*h - 604 = -h, -607 = -5*u - 4*h. Suppose u*x + 1910 = 124*x. List the prime factors of x.
2, 191
Suppose -114 = 5*o - 199. Let q = o - 12. Suppose q*p + 8 = 6*p. List the prime factors of p.
2
Let q be ((-8 - -10) + 154)*(-38)/(-3). Suppose -r = -3*w + q, -2*r = 2*w - 1284 - 28. List the prime factors of w.
2, 7, 47
Suppose 0 = 4*c - 5*s - 122223 - 44713, 125233 = 3*c + 4*s. List the prime factors of c.
3, 13913
Suppose 29 = 4*u + 9. Suppose -5*m + 578 = h, -u*h + 2*m + 2770 = -3*m. List the prime factors of h.
2, 3, 31
Let m(l) = -4*l**2 - 6*l - 8. Let n be m(-5). Let x = n - -40. Let w = x + 94. What are the prime factors of w?
2, 7
Suppose -5*m + 0*m + 10 = 0. Suppose 0 = -2*y + m*a + 66, 2*y - 3*a = -2*y + 129. Let c = y - -90. What are the prime factors of c?
2, 3, 5
Suppose 6*f - 27 = -9. Let p be (2/f)/(7/3045). Suppose 12*b = -p + 866. What are the prime factors of b?
2, 3
Let q be 1/(-4) + 6/24. Let b be 118/(q + 2) + 3. Suppose -c + 301 = 5*s, s + 4*c - b = 2*c. List the prime factors of s.
2, 3, 5
Suppose -5*p + q + 9 = 0, 5*p + 4*q + 3 = 17. Suppose 0*v + 1098 = 2*v - 2*h, -3*v + 1647 = -p*h. What are the prime factors of v?
3, 61
List the prime factors of (10 + -12)/(17/(-47243)).
2, 7, 397
List the prime factors of -9*(-672 + -17 + 0 + 3).
2, 3, 7
Let b(d) = -d**3 + 3*d**2 - 4*d + 1. Let c be b(2). Let q(o) = -32*o + 3. Let l be q(c). Suppose -l = -u + 53. List the prime factors of u.
2, 19
List the prime factors of (594/(-20)*4)/(-17 - (-285038)/16770).
3, 11, 43
Let h(z) be the second derivative of 6*z**3 - 29*z**2/2 + 383*z. Suppose 4*v = r + 23, -6*r - 9 = -3*r. List the prime factors of h(v).
151
Suppose -7*k = -157 - 4. Let z = k + 247. Suppose 0*b - 3*b = -z. List the prime factors of b.
2, 3, 5
Let y = -95 - -89. Let g(f) = -4*f**2 - 25*f - 9. Let z be g(y). What are the prime factors of 1/(-12)*z + 483/4?
11
Let o(y) = -4103*y - 11464. List the prime factors of o(-11).
3, 29, 43
Let d = 51 + -11. Let o = 45 - d. Suppose 473 = o*m - 302. What are the prime factors of m?
5, 31
Suppose 3*a + 3*i = 35199, 0 = -36*i + 40*i + 20. What are the prime factors of a?
2, 5869
Let c(l) = -11*l**2 + 6*l - 4. Let o be c(4). Let v = -81 + o. Let b = -131 - v. What are the prime factors of b?
2, 53
Let h be (-3)/((2 - (-14)/(-8))*-4). Suppose -h*b + 3*n + 1261 = -2*n, -b - 4*n = -392. Suppose 1660 - b = 12*w. What are the prime factors of w?
2, 13
List the prime factors of 346676/264 - 5/30.
13, 101
Let y(d) be the second derivative of -d**5/20 - d**4/2 - 19*d**3/6 - 5*d**2 + 109*d. What are the prime factors of y(-8)?
2, 3, 5
Let u be 20 + (1 - -1)/(-1). Suppose -5*d - 4*d = u. What are the prime factors of -2 + 1 - (-102 - d)?
3, 11
Suppose -5*u = 4*y - 96111, 263*u - 96141 = 258*u + y. What are the prime factors of u?
3, 13, 17, 29
Let r be -3 - ((-2)/5 + (-15)/25). Let i be 4 - 27/6 - (-19)/r. Let t = i + 94. What are the prime factors of t?
2, 3, 7
Let m = -1109 + 974. Suppose -4*u + 5*i = 67 + 9, 4*i + 112 = -4*u. Let j = u - m. What are the prime factors of j?
3, 37
Let q be (26/39)/((-2)/9) + -223. Let f = -97 - q. What are the prime factors of f?
3, 43
Let g(w) = -2*w**3 - 10*w**2 - 10*w - 7. Let t be g(-4). Suppose -s - t = -5. Suppose -5*u = 3*j - 166, -2*u = -5*j + s*j + 48. List the prime factors of j.
2, 13
Let d(k) = -98*k + 13. Let l(r) = 11 + 1 + 568*r - 668*r. Let s(c) = 2*d(c) - 3*l(c). What are the prime factors of s(1)?
2, 47
Suppose 31 - 11 = 20*v. What are the prime factors of (-2)/(-6)*((1522 - v) + 0)?
3, 13
What are the prime factors of 206325/20 - 9/36?
2, 2579
Let a(t) = t**2 - 2*t - 2. Let i be a(5). Suppose i = -7*m - 85. Let d(r) = r**3 + 13*r**2 - 22*r - 21. What are the prime factors of d(m)?
7, 13
Suppose -h = -42 - 65. Suppose 3*s + 2*s = 3*l - 254, 5*s + 258 = l. Let c = s + h. List the prime factors of c.
5, 11
Suppose 13*l - 15*l + 16 = 0. What are the prime factors of (198/l - -1)/((-17)/(-340))?
5, 103
Let x(q) = 2*q**2 + 25*q - 23. Let v be x(11). Suppose 3*p - v - 304 = 0. List the prime factors of p.
2, 7, 19
Let w(j) = -3*j**3 + 4*j**2 + 44*j - 5. Let y(z) = -7*z**3 + 7*z**2 + 89*z - 12. Let i(v) = 5*w(v) - 2*y(v). List the prime factors of i(-6).
179
Suppose 83*u + 38*u = 687764. List the prime factors of u.
2, 7, 29
Suppose 35878 + 62175 = 31*n. List the prime factors of n.
3163
Let l = 1262 - -5329. What are the prime factors of l?
3, 13
Suppose -10*r + 378886 = 37*r - 1292246. List the prime factors of r.
2, 3, 2963
Let w be -4 - (-8 + 6 - 4). Suppose -w*h - 2949 = -5*m + 2*h, -3*m - 4*h = -1763. What are the prime factors of m?
19, 31
Let r be -1 - ((-7473)/6 + 5/(-10)). Suppose 0 = -11*i - 9 - r. List the prime factors of (-4 + i)/(-3 + 1).
59
Let w = -16857 + 17497. List the prime factors of w.
2, 5
Suppose 12*t - 61 = -25. Suppose t*s - 1698 = 2*u, 3*s - 12*u - 1698 = -7*u. List the prime factors of s.
2, 283
Let w(i) = 1922*i + 55237. List the prime factors of w(0).
7, 13, 607
Let m = -111 + 112. Let q be (-2 + -3)/(-1) - (-2 - m). Suppose 0 = -r + q*r - 868. What are the prime factors of r?
2, 31
What are the prime factors of -2*((-542655)/434 + 6/7)?
3, 7, 17
Suppose 0 = -7*y - 2000 + 628. Let p = y + 334. What are the prime factors of p?
2, 3, 23
Suppose -6 = -2*t, -2*t = -4*f + t - 61. Let n = f + 13. Suppose 3*o - 108 = -3*x, -o - 3*x - 13 + 47 = n. List the prime factors of o.
37
Let m = 17337 - 9878. What are the prime factors of m?
7459
Suppose -14 = 2*b + 10. Let w be (366/b)/(2/(-20)). Suppose n = -h - 2*h + 199, -5*h + 5*n + w = 0. List the prime factors of h.
5, 13
Let m(t) = 27*t - 346. Let f be m(8). Let i(y) = y**2 - y + 234. Let u be i(0). Let z = f + u. What are the prime factors of z?
2, 13
Suppose 10*o = 55071 + 3639. List the prime factors of o.
3, 19, 103
List the prime factors of (-4 - 110/(-11))*(4880/15 - 3).
2, 967
Suppose 0 = u - 3*y - 11719 + 859, y = 5*u - 54202. What are the prime factors of u?
3, 3613
Let p = 374 + -358. List the prime factors of (-5384)/(-3) - p/24.
2, 3, 13, 23
Suppose 10*n - 25 = 5. Suppose 0 = m + 3*p - n, -2*p = 3*p. List the prime factors of m.
3
Suppose -8*d + 154*d = 1676251 - 421965. What are the prime factors of d?
11, 71
Let c be -2*2/4*-123. What are the prime factors of 1/4 + (-22)/(-8) + c?
2, 3, 7
Let i = 34403 - 22602. List the prime factors of i.
11801
Let t be (-2)/8 + (177/(-4))/(-1). Let p = t - 93. Let r = 3 - p. What are the prime factors of r?
2, 13
Suppose -27*m + 69*m = -210. What are the prime factors of ((-160)/(-2))/(m/(-1 - 4))?
2, 5
Suppose h - 11114 = 368*w - 366*w, 3*h - 2*w - 33350 = 0. List the prime factors of h.
2, 3, 17, 109
Let c be 4/(-16) + -3 + 314/8. Let a = c + -44. List the prime factors of (140/a)/(((-1)/2)/1).
5, 7
Suppose -2*v = 6*v - 9848. Let j = v - 654. Suppose -4*u + j = 173. What are the prime factors of u?
101
Let z = 4369 - -7300. List the prime factors of z.
7, 1667
Suppose -3 + 19 = -4*g. Let h be ((-98)/7 + g)/(1*-1). Suppose 13*p = h*p - 250. List the prime factors of p.
2, 5
Suppose -3 = -7*m + 11. Suppose 1041 = -l + 5*l - 5*y, 0 = 5*l - m*y - 1280. Suppose -l = -5*h + 251. List the prime factors of h.
101
List the prime factors of 12127 - (0/((-60)/4))/(-3 + 1).
67, 181
Suppose 133*x = -3*p + 134*x + 11513, -5*p + 3*x + 19179 = 0. List the prime factors of p.
2, 3, 5
Let b = -960 + 2107. Suppose 0 = 2*y - 279 + b. Let x = -310 - y. List the prime factors of x.
2, 31
Let j(t) = -14*t**2 - 6*t + 13. Let n be j(-6). Let v = n + 662. Suppose v = c + f + f, 195 = c + 5*f. What are the prime factors of c?
5, 43
Let z = 19777 - 9821. What are the prime factors of z?
2, 19, 131
Let c(u) = u**2 - 24*u + 20. Let k be c(26). Let w = 70 - k. What are the prime factors of w - (0/5 - (0 - -61))?
59
Let k(l) = -3642*l + 4843. What are the prime factors of k(-7)?
23, 1319
Suppose 45*g + 37*g - 632712 = 0. What are the prime factors of g?
2, 3, 643
Let q(d) = 23 - 54*d + 3*d**2 - 5*d**3 + 18*d + 22*d - 31*d. Let b(p) = p**3 - p**2 + 11*p - 6. Let l(k) = 9*b(k) + 2*q(k). List the prime factors of l(-8).
2, 3, 5
Suppose 13*m = 171443 + 260859. What are the prime factors of m?
2, 13, 1279
Suppose -s - 4*z + 472 = 0, 3*s + 4*z - 5*z - 1351 = 0. Supp